{"id":533,"date":"2024-10-01T14:56:18","date_gmt":"2024-10-01T12:56:18","guid":{"rendered":"https:\/\/racheltacquard.com\/index.php\/shop\/"},"modified":"2025-07-17T00:31:16","modified_gmt":"2025-07-16T22:31:16","slug":"shop","status":"publish","type":"page","link":"https:\/\/racheltacquard.com\/index.php\/shop\/","title":{"rendered":"Tirages"},"content":{"rendered":"<p>!!! ATTENTION : LES COMMANDES PASS\u00c9ES LES PROCHAINES SEMAINES SERONT EXP\u00c9DI\u00c9ES FIN AO\u00dbT. MERCI DE VOTRE COMPREHENSION !!!<\/p>\n<p>Peut-\u00eatre souhaitez-vous raconter une histoire naturelle sur vos murs. Peut-\u00eatre voulez-vous offrir un soup\u00e7on de po\u00e9sie. Ou bien encore \u00e9crire un joli courrier. Ce sont donc ces pages qu&rsquo;il vous faut explorer !<\/p>\n<p>Les exp\u00e9ditions ont lieu une fois par semaine, merci de votre compr\u00e9hension !<br \/>\nLes commandes comprenant un tirage d&rsquo;art ne sont pas en stock et sont exp\u00e9di\u00e9s sous 2-3 semaines (sauf exception disponible imm\u00e9diatement, pr\u00e9cis\u00e9e dans le choix des dimensions).<\/p>\n<p>Pour de l&rsquo;inspiration ou des id\u00e9es d&rsquo;associations, vous pouvez vous rendre sur <em><a href=\"https:\/\/racheltacquard.com\/index.php\/inspiration\/\" target=\"_blank\" rel=\"noopener\">cette page<\/a><\/em>. Et pour toute question, me contacter !<\/p>\n","protected":false},"excerpt":{"rendered":"<p>!!! ATTENTION : LES COMMANDES PASS\u00c9ES LES PROCHAINES SEMAINES SERONT EXP\u00c9DI\u00c9ES FIN AO\u00dbT. MERCI DE VOTRE COMPREHENSION !!! Peut-\u00eatre souhaitez-vous raconter une histoire naturelle sur vos murs. Peut-\u00eatre voulez-vous offrir un soup\u00e7on de po\u00e9sie. Ou<br \/><a class=\"read-more\" href=\"https:\/\/racheltacquard.com\/index.php\/shop\/\">Read More<\/a><\/p>\n","protected":false},"author":1,"featured_media":0,"parent":0,"menu_order":0,"comment_status":"closed","ping_status":"closed","template":"","meta":{"footnotes":""},"class_list":["post-533","page","type-page","status-publish","hentry"],"_links":{"self":[{"href":"https:\/\/racheltacquard.com\/index.php\/wp-json\/wp\/v2\/pages\/533","targetHints":{"allow":["GET"]}}],"collection":[{"href":"https:\/\/racheltacquard.com\/index.php\/wp-json\/wp\/v2\/pages"}],"about":[{"href":"https:\/\/racheltacquard.com\/index.php\/wp-json\/wp\/v2\/types\/page"}],"author":[{"embeddable":true,"href":"https:\/\/racheltacquard.com\/index.php\/wp-json\/wp\/v2\/users\/1"}],"replies":[{"embeddable":true,"href":"https:\/\/racheltacquard.com\/index.php\/wp-json\/wp\/v2\/comments?post=533"}],"version-history":[{"count":16,"href":"https:\/\/racheltacquard.com\/index.php\/wp-json\/wp\/v2\/pages\/533\/revisions"}],"predecessor-version":[{"id":1665,"href":"https:\/\/racheltacquard.com\/index.php\/wp-json\/wp\/v2\/pages\/533\/revisions\/1665"}],"wp:attachment":[{"href":"https:\/\/racheltacquard.com\/index.php\/wp-json\/wp\/v2\/media?parent=533"}],"curies":[{"name":"wp","href":"https:\/\/api.w.org\/{rel}","templated":true}]}}